{"id":28,"date":"2020-12-27T10:47:09","date_gmt":"2020-12-27T09:47:09","guid":{"rendered":"http:\/\/divorce.lomari-avocats.fr\/?page_id=28"},"modified":"2024-01-10T12:06:27","modified_gmt":"2024-01-10T11:06:27","slug":"le-cabinet","status":"publish","type":"page","link":"https:\/\/divorce.lomari-avocats.fr\/index.php\/le-cabinet\/","title":{"rendered":"Le Cabinet"},"content":{"rendered":"<p>[et_pb_section fb_built=&#8221;1&#8243; _builder_version=&#8221;4.16&#8243; _module_preset=&#8221;default&#8221; global_colors_info=&#8221;{}&#8221;][et_pb_row _builder_version=&#8221;4.16&#8243; _module_preset=&#8221;default&#8221; global_colors_info=&#8221;{}&#8221;][et_pb_column type=&#8221;4_4&#8243; _builder_version=&#8221;4.16&#8243; _module_preset=&#8221;default&#8221; global_colors_info=&#8221;{}&#8221;][et_pb_team_member name=&#8221;Laura-Eva Lomari&#8221; position=&#8221;Avocat&#8221; image_url=&#8221;https:\/\/divorce.lomari-avocats.fr\/wp-content\/uploads\/2020\/12\/Photo-NB-LEL.png&#8221; linkedin_url=&#8221;www.linkedin.com\/in\/lomari-avocat&#8221; _builder_version=&#8221;4.16&#8243; _module_preset=&#8221;default&#8221; global_colors_info=&#8221;{}&#8221;]<\/p>\n<p>Ma\u00eetre Laura-Eva Lomari est avocat au barreau de Saint-Denis<span>\u00a0<\/span><strong>depuis plus de 10 ans <\/strong>et dispose d\u2019une double formation en<span>\u00a0<\/span><strong>droit public<\/strong><span>\u00a0<\/span>et en<span>\u00a0<\/span><strong>droit priv\u00e9<\/strong>.<\/p>\n<p>En parall\u00e8le de son activit\u00e9 en droit public \u00e0 destination des entreprises, collectivit\u00e9s et particuliers, elle accompagne notamment ses clients dans le cadre de divorces par consentement mutuel.<\/p>\n<p>Elle tient \u00e0 mettre \u00e0 la disposition de ses clients<span>\u00a0<\/span><strong>des outils innovants et performants<\/strong>.<\/p>\n<p><strong>Son parcours :<\/strong><\/p>\n<p>Certification EDHEC Legal Operations (2023)<\/p>\n<p>DU Droit de l&#8217;Art et de la Culture (2023)<\/p>\n<p>DU Droit routier (2023)<\/p>\n<p>Certificat de M\u00e9diateur (2022)<\/p>\n<p>DU Legaltech and Law innovations (2022)<\/p>\n<p>DU MBA Juriste Commande publique (2021)<\/p>\n<p>Certificat d\u2019Aptitude \u00e0 la Profession d\u2019Avocat (2012)<\/p>\n<p>Master 2 Droit public (2012)<\/p>\n<p>Major de l\u2019examen d\u2019entr\u00e9e au CRFPA (2010)<\/p>\n<p>Master 2 Droit notarial (2010)<\/p>\n<p>Master 1 Droit priv\u00e9 (2009)\u00a0<\/p>\n<p>[\/et_pb_team_member][\/et_pb_column][\/et_pb_row][\/et_pb_section]<\/p>\n","protected":false},"excerpt":{"rendered":"<p>Ma\u00eetre Laura-Eva Lomari est avocat au barreau de Saint-Denis\u00a0depuis plus de 10 ans et dispose d\u2019une double formation en\u00a0droit public\u00a0et en\u00a0droit priv\u00e9. En parall\u00e8le de son activit\u00e9 en droit public \u00e0 destination des entreprises, collectivit\u00e9s et particuliers, elle accompagne notamment ses clients dans le cadre de divorces par consentement mutuel. Elle tient \u00e0 mettre \u00e0 [&hellip;]<\/p>\n","protected":false},"author":1,"featured_media":0,"parent":0,"menu_order":0,"comment_status":"closed","ping_status":"closed","template":"","meta":{"_et_pb_use_builder":"on","_et_pb_old_content":"","_et_gb_content_width":"","spay_email":"","footnotes":""},"_links":{"self":[{"href":"https:\/\/divorce.lomari-avocats.fr\/index.php\/wp-json\/wp\/v2\/pages\/28"}],"collection":[{"href":"https:\/\/divorce.lomari-avocats.fr\/index.php\/wp-json\/wp\/v2\/pages"}],"about":[{"href":"https:\/\/divorce.lomari-avocats.fr\/index.php\/wp-json\/wp\/v2\/types\/page"}],"author":[{"embeddable":true,"href":"https:\/\/divorce.lomari-avocats.fr\/index.php\/wp-json\/wp\/v2\/users\/1"}],"replies":[{"embeddable":true,"href":"https:\/\/divorce.lomari-avocats.fr\/index.php\/wp-json\/wp\/v2\/comments?post=28"}],"version-history":[{"count":4,"href":"https:\/\/divorce.lomari-avocats.fr\/index.php\/wp-json\/wp\/v2\/pages\/28\/revisions"}],"predecessor-version":[{"id":1504,"href":"https:\/\/divorce.lomari-avocats.fr\/index.php\/wp-json\/wp\/v2\/pages\/28\/revisions\/1504"}],"wp:attachment":[{"href":"https:\/\/divorce.lomari-avocats.fr\/index.php\/wp-json\/wp\/v2\/media?parent=28"}],"curies":[{"name":"wp","href":"https:\/\/api.w.org\/{rel}","templated":true}]}}